{"id":1900,"date":"2016-04-15T05:20:51","date_gmt":"2016-04-15T04:20:51","guid":{"rendered":"http:\/\/yavaitcachezmeme.fr\/?page_id=1900"},"modified":"2024-11-14T05:04:09","modified_gmt":"2024-11-14T04:04:09","slug":"sante-hygiene","status":"publish","type":"page","link":"https:\/\/yavaitcachezmeme.fr\/index.php\/bric-a-brac\/sante-hygiene\/","title":{"rendered":"Sant\u00e9 &#038; hygi\u00e8ne"},"content":{"rendered":"<div style=\"font-size: 100%; font-family: georgia;\">\n<p style=\"font-size: 120%; text-align: justify;\">La <span style=\"color: #ff6600;\"><strong>sant\u00e9<\/strong><\/span> et l&rsquo;<span style=\"color: #ff6600;\"><strong>hygi\u00e8ne<\/strong><\/span> avec la m\u00e9decine, la pharmacop\u00e9e, etc&#8230;<\/p>\n<p style=\"text-align: center;\"><img loading=\"lazy\" decoding=\"async\" class=\"alignnone wp-image-12389\" src=\"https:\/\/yavaitcachezmeme.fr\/wp-content\/uploads\/2024\/11\/Hygiene-600x442.png\" alt=\"\" width=\"100\" height=\"74\" srcset=\"https:\/\/yavaitcachezmeme.fr\/wp-content\/uploads\/2024\/11\/Hygiene-600x442.png 600w, https:\/\/yavaitcachezmeme.fr\/wp-content\/uploads\/2024\/11\/Hygiene-1024x755.png 1024w, https:\/\/yavaitcachezmeme.fr\/wp-content\/uploads\/2024\/11\/Hygiene.png 1296w\" sizes=\"auto, (max-width: 100px) 100vw, 100px\" \/><\/p>\n<p><img loading=\"lazy\" decoding=\"async\" class=\"aligncenter wp-image-1891\" src=\"http:\/\/yavaitcachezmeme.fr\/wp-content\/uploads\/2016\/04\/Sant\u00e9_001.jpg\" alt=\"\" width=\"820\" height=\"338\" srcset=\"https:\/\/yavaitcachezmeme.fr\/wp-content\/uploads\/2016\/04\/Sant\u00e9_001.jpg 800w, https:\/\/yavaitcachezmeme.fr\/wp-content\/uploads\/2016\/04\/Sant\u00e9_001-600x248.jpg 600w\" sizes=\"auto, (max-width: 820px) 100vw, 820px\" \/><\/p>\n<p style=\"text-align: center;\"><span style=\"font-size: 120%;\">Sant\u00e9 &amp; hygi\u00e8ne<\/span><\/p>\n<p><img loading=\"lazy\" decoding=\"async\" class=\"aligncenter wp-image-1892\" src=\"http:\/\/yavaitcachezmeme.fr\/wp-content\/uploads\/2016\/04\/Sant\u00e9_002.jpg\" alt=\"\" width=\"820\" height=\"526\" srcset=\"https:\/\/yavaitcachezmeme.fr\/wp-content\/uploads\/2016\/04\/Sant\u00e9_002.jpg 800w, https:\/\/yavaitcachezmeme.fr\/wp-content\/uploads\/2016\/04\/Sant\u00e9_002-600x385.jpg 600w\" sizes=\"auto, (max-width: 820px) 100vw, 820px\" \/><\/p>\n<p style=\"text-align: center;\"><span style=\"font-size: 120%;\">Dentifrice, poudre et boites de pharmacie<\/span><\/p>\n<p><img loading=\"lazy\" decoding=\"async\" class=\"aligncenter wp-image-1893\" src=\"http:\/\/yavaitcachezmeme.fr\/wp-content\/uploads\/2016\/04\/Sant\u00e9_003.jpg\" alt=\"\" width=\"820\" height=\"546\" srcset=\"https:\/\/yavaitcachezmeme.fr\/wp-content\/uploads\/2016\/04\/Sant\u00e9_003.jpg 800w, https:\/\/yavaitcachezmeme.fr\/wp-content\/uploads\/2016\/04\/Sant\u00e9_003-600x400.jpg 600w\" sizes=\"auto, (max-width: 820px) 100vw, 820px\" \/><\/p>\n<p style=\"text-align: center;\"><span style=\"font-size: 120%;\">Verre de curiste, coupelles et fioles \u00e0 potion<\/span><\/p>\n<p><img loading=\"lazy\" decoding=\"async\" class=\"aligncenter wp-image-11336\" src=\"https:\/\/yavaitcachezmeme.fr\/wp-content\/uploads\/2023\/12\/Maches-bouchons-600x529.jpg\" alt=\"\" width=\"820\" height=\"723\" srcset=\"https:\/\/yavaitcachezmeme.fr\/wp-content\/uploads\/2023\/12\/Maches-bouchons-600x529.jpg 600w, https:\/\/yavaitcachezmeme.fr\/wp-content\/uploads\/2023\/12\/Maches-bouchons-1024x903.jpg 1024w, https:\/\/yavaitcachezmeme.fr\/wp-content\/uploads\/2023\/12\/Maches-bouchons-1536x1355.jpg 1536w, https:\/\/yavaitcachezmeme.fr\/wp-content\/uploads\/2023\/12\/Maches-bouchons.jpg 2041w\" sizes=\"auto, (max-width: 820px) 100vw, 820px\" \/><\/p>\n<p style=\"text-align: center;\"><span style=\"font-size: 120%;\">Maches bouchon du pharmacien<\/span><\/p>\n<p><img loading=\"lazy\" decoding=\"async\" class=\"aligncenter wp-image-4208\" src=\"http:\/\/yavaitcachezmeme.fr\/wp-content\/uploads\/2018\/10\/Histoire-de-La-M\u00e9decine.jpg\" alt=\"\" width=\"820\" height=\"624\" srcset=\"https:\/\/yavaitcachezmeme.fr\/wp-content\/uploads\/2018\/10\/Histoire-de-La-M\u00e9decine.jpg 1575w, https:\/\/yavaitcachezmeme.fr\/wp-content\/uploads\/2018\/10\/Histoire-de-La-M\u00e9decine-600x456.jpg 600w, https:\/\/yavaitcachezmeme.fr\/wp-content\/uploads\/2018\/10\/Histoire-de-La-M\u00e9decine-1024x779.jpg 1024w, https:\/\/yavaitcachezmeme.fr\/wp-content\/uploads\/2018\/10\/Histoire-de-La-M\u00e9decine-1536x1168.jpg 1536w\" sizes=\"auto, (max-width: 820px) 100vw, 820px\" \/><\/p>\n<p style=\"text-align: center;\"><span style=\"font-size: 120%;\">Histoire de la M\u00e9decine par le Dr L\u00e9on MEUNIER (mon arri\u00e8re arri\u00e8re-grand-p\u00e8re)<br \/>\nVolume qu&rsquo;il a d\u00e9dicac\u00e9 \u00e0 son fils Andr\u00e9 mort au combat le 24 septembre 1914<\/span><\/p>\n<p><img loading=\"lazy\" decoding=\"async\" class=\"aligncenter wp-image-1894\" src=\"http:\/\/yavaitcachezmeme.fr\/wp-content\/uploads\/2016\/04\/Sant\u00e9_004.jpg\" alt=\"\" width=\"820\" height=\"381\" srcset=\"https:\/\/yavaitcachezmeme.fr\/wp-content\/uploads\/2016\/04\/Sant\u00e9_004.jpg 800w, https:\/\/yavaitcachezmeme.fr\/wp-content\/uploads\/2016\/04\/Sant\u00e9_004-600x279.jpg 600w\" sizes=\"auto, (max-width: 820px) 100vw, 820px\" \/><\/p>\n<p style=\"text-align: center;\"><span style=\"font-size: 120%;\">Sant\u00e9 &amp; hygi\u00e8ne<\/span><\/p>\n<p><img loading=\"lazy\" decoding=\"async\" class=\"aligncenter wp-image-1895\" src=\"http:\/\/yavaitcachezmeme.fr\/wp-content\/uploads\/2016\/04\/Sant\u00e9_005.jpg\" alt=\"\" width=\"820\" height=\"615\" srcset=\"https:\/\/yavaitcachezmeme.fr\/wp-content\/uploads\/2016\/04\/Sant\u00e9_005.jpg 800w, https:\/\/yavaitcachezmeme.fr\/wp-content\/uploads\/2016\/04\/Sant\u00e9_005-600x450.jpg 600w\" sizes=\"auto, (max-width: 820px) 100vw, 820px\" \/><\/p>\n<p style=\"text-align: center;\"><span style=\"font-size: 120%;\">Ventouses et n\u00e9cessaire de manicure<\/span><\/p>\n<p><img loading=\"lazy\" decoding=\"async\" class=\"aligncenter wp-image-1896\" src=\"http:\/\/yavaitcachezmeme.fr\/wp-content\/uploads\/2016\/04\/Sant\u00e9_006.jpg\" alt=\"\" width=\"820\" height=\"555\" srcset=\"https:\/\/yavaitcachezmeme.fr\/wp-content\/uploads\/2016\/04\/Sant\u00e9_006.jpg 800w, https:\/\/yavaitcachezmeme.fr\/wp-content\/uploads\/2016\/04\/Sant\u00e9_006-600x406.jpg 600w\" sizes=\"auto, (max-width: 820px) 100vw, 820px\" \/><\/p>\n<p style=\"text-align: center;\"><span style=\"font-size: 120%;\">Potions et biberons<\/span><\/p>\n<p><img loading=\"lazy\" decoding=\"async\" class=\"aligncenter wp-image-1897\" src=\"http:\/\/yavaitcachezmeme.fr\/wp-content\/uploads\/2016\/04\/Sant\u00e9_007.jpg\" alt=\"\" width=\"820\" height=\"315\" srcset=\"https:\/\/yavaitcachezmeme.fr\/wp-content\/uploads\/2016\/04\/Sant\u00e9_007.jpg 800w, https:\/\/yavaitcachezmeme.fr\/wp-content\/uploads\/2016\/04\/Sant\u00e9_007-600x230.jpg 600w\" sizes=\"auto, (max-width: 820px) 100vw, 820px\" \/><\/p>\n<p style=\"text-align: center;\"><span style=\"font-size: 120%;\">Sant\u00e9 &amp; hygi\u00e8ne<\/span><\/p>\n<p><img loading=\"lazy\" decoding=\"async\" class=\"aligncenter wp-image-1898\" src=\"http:\/\/yavaitcachezmeme.fr\/wp-content\/uploads\/2016\/04\/Sant\u00e9_008.jpg\" alt=\"\" width=\"820\" height=\"575\" srcset=\"https:\/\/yavaitcachezmeme.fr\/wp-content\/uploads\/2016\/04\/Sant\u00e9_008.jpg 800w, https:\/\/yavaitcachezmeme.fr\/wp-content\/uploads\/2016\/04\/Sant\u00e9_008-600x421.jpg 600w\" sizes=\"auto, (max-width: 820px) 100vw, 820px\" \/><\/p>\n<p style=\"text-align: center;\"><span style=\"font-size: 120%;\">Pots \u00e0 bouillon, rinces \u0153il et flacons<\/span><\/p>\n<p><img loading=\"lazy\" decoding=\"async\" class=\"aligncenter wp-image-1899\" src=\"http:\/\/yavaitcachezmeme.fr\/wp-content\/uploads\/2016\/04\/Sant\u00e9_009.jpg\" alt=\"\" width=\"820\" height=\"499\" srcset=\"https:\/\/yavaitcachezmeme.fr\/wp-content\/uploads\/2016\/04\/Sant\u00e9_009.jpg 800w, https:\/\/yavaitcachezmeme.fr\/wp-content\/uploads\/2016\/04\/Sant\u00e9_009-600x365.jpg 600w\" sizes=\"auto, (max-width: 820px) 100vw, 820px\" \/><\/p>\n<p style=\"text-align: center;\"><span style=\"font-size: 120%;\">Lunettes, binocles et pince-nez<\/span><\/p>\n<p><img loading=\"lazy\" decoding=\"async\" class=\"aligncenter wp-image-8075\" src=\"https:\/\/yavaitcachezmeme.fr\/wp-content\/uploads\/2022\/08\/Amulette-Taupe-scaled-600x387.jpg\" alt=\"\" width=\"820\" height=\"529\" srcset=\"https:\/\/yavaitcachezmeme.fr\/wp-content\/uploads\/2022\/08\/Amulette-Taupe-scaled-600x387.jpg 600w, https:\/\/yavaitcachezmeme.fr\/wp-content\/uploads\/2022\/08\/Amulette-Taupe-scaled-1024x660.jpg 1024w, https:\/\/yavaitcachezmeme.fr\/wp-content\/uploads\/2022\/08\/Amulette-Taupe-scaled-1536x991.jpg 1536w, https:\/\/yavaitcachezmeme.fr\/wp-content\/uploads\/2022\/08\/Amulette-Taupe-scaled-2048x1321.jpg 2048w\" sizes=\"auto, (max-width: 820px) 100vw, 820px\" \/><\/p>\n<div style=\"font-size: 100%; font-family: georgia;\">\n<p style=\"text-align: center;\"><span style=\"font-size: 120%;\">Amulette anti maux de dents chez le nourrisson &#8211; Les deux m\u00e2choires de taupe sont<br \/>\nassembl\u00e9es dans un linge. Elle sera accroch\u00e9e sur le v\u00eatement du nourrisson, c\u00f4t\u00e9 peau.<\/span><\/p>\n<p><img loading=\"lazy\" decoding=\"async\" class=\"aligncenter wp-image-2263\" src=\"http:\/\/yavaitcachezmeme.fr\/wp-content\/uploads\/2017\/01\/S\u00e9che-cheveux_1.jpg\" alt=\"\" width=\"820\" height=\"543\" srcset=\"https:\/\/yavaitcachezmeme.fr\/wp-content\/uploads\/2017\/01\/S\u00e9che-cheveux_1.jpg 857w, https:\/\/yavaitcachezmeme.fr\/wp-content\/uploads\/2017\/01\/S\u00e9che-cheveux_1-600x397.jpg 600w\" sizes=\"auto, (max-width: 820px) 100vw, 820px\" \/><\/p>\n<p style=\"text-align: center;\"><span style=\"font-size: 120%;\">S\u00e8che cheveux \u00e0 alcool : entra\u00eenement d&rsquo;une<br \/>\n\u00ab\u00a0soufflerie\u00a0\u00bb par le poussoir \u00e0 c\u00f4t\u00e9 de la poign\u00e9e.<\/span><\/p>\n<p><img loading=\"lazy\" decoding=\"async\" class=\"aligncenter wp-image-2264\" src=\"http:\/\/yavaitcachezmeme.fr\/wp-content\/uploads\/2017\/01\/S\u00e9che-cheveux_2.jpg\" alt=\"\" width=\"820\" height=\"543\" srcset=\"https:\/\/yavaitcachezmeme.fr\/wp-content\/uploads\/2017\/01\/S\u00e9che-cheveux_2.jpg 857w, https:\/\/yavaitcachezmeme.fr\/wp-content\/uploads\/2017\/01\/S\u00e9che-cheveux_2-600x397.jpg 600w\" sizes=\"auto, (max-width: 820px) 100vw, 820px\" \/><\/p>\n<p style=\"text-align: center;\"><span style=\"font-size: 120%;\">S\u00e8che cheveux \u00e0 alcool : le bruleur<\/span><\/p>\n<p><img loading=\"lazy\" decoding=\"async\" class=\"aligncenter wp-image-2265\" src=\"http:\/\/yavaitcachezmeme.fr\/wp-content\/uploads\/2017\/01\/S\u00e9che-cheveux_3.jpg\" alt=\"\" width=\"820\" height=\"543\" srcset=\"https:\/\/yavaitcachezmeme.fr\/wp-content\/uploads\/2017\/01\/S\u00e9che-cheveux_3.jpg 857w, https:\/\/yavaitcachezmeme.fr\/wp-content\/uploads\/2017\/01\/S\u00e9che-cheveux_3-600x397.jpg 600w\" sizes=\"auto, (max-width: 820px) 100vw, 820px\" \/><\/p>\n<p style=\"text-align: center;\"><span style=\"font-size: 120%;\">S\u00e8che cheveux \u00e0 alcool : la bouche<\/span><\/p>\n<p><img loading=\"lazy\" decoding=\"async\" class=\"aligncenter wp-image-10546\" src=\"https:\/\/yavaitcachezmeme.fr\/wp-content\/uploads\/2023\/08\/Plat-a-barbe_001-600x450.jpg\" alt=\"\" width=\"820\" height=\"615\" srcset=\"https:\/\/yavaitcachezmeme.fr\/wp-content\/uploads\/2023\/08\/Plat-a-barbe_001-600x450.jpg 600w, https:\/\/yavaitcachezmeme.fr\/wp-content\/uploads\/2023\/08\/Plat-a-barbe_001-1024x768.jpg 1024w, https:\/\/yavaitcachezmeme.fr\/wp-content\/uploads\/2023\/08\/Plat-a-barbe_001-1536x1152.jpg 1536w, https:\/\/yavaitcachezmeme.fr\/wp-content\/uploads\/2023\/08\/Plat-a-barbe_001-2048x1536.jpg 2048w\" sizes=\"auto, (max-width: 820px) 100vw, 820px\" \/><\/p>\n<p style=\"text-align: center;\"><span style=\"font-size: 120%;\">Plat \u00e0 barbe<\/span><\/p>\n<p><img loading=\"lazy\" decoding=\"async\" class=\"aligncenter wp-image-10486\" src=\"https:\/\/yavaitcachezmeme.fr\/wp-content\/uploads\/2023\/08\/Plat-a-barbe-2-600x450.jpg\" alt=\"\" width=\"820\" height=\"615\" srcset=\"https:\/\/yavaitcachezmeme.fr\/wp-content\/uploads\/2023\/08\/Plat-a-barbe-2-600x450.jpg 600w, https:\/\/yavaitcachezmeme.fr\/wp-content\/uploads\/2023\/08\/Plat-a-barbe-2-1024x768.jpg 1024w, https:\/\/yavaitcachezmeme.fr\/wp-content\/uploads\/2023\/08\/Plat-a-barbe-2-1536x1152.jpg 1536w, https:\/\/yavaitcachezmeme.fr\/wp-content\/uploads\/2023\/08\/Plat-a-barbe-2-2048x1536.jpg 2048w\" sizes=\"auto, (max-width: 820px) 100vw, 820px\" \/><\/p>\n<p style=\"text-align: center;\"><span style=\"font-size: 120%;\">Plat \u00e0 barbe &#8211; Icy je rajeunis<\/span><\/p>\n<p><img loading=\"lazy\" decoding=\"async\" class=\"aligncenter wp-image-10547\" src=\"https:\/\/yavaitcachezmeme.fr\/wp-content\/uploads\/2023\/08\/Plat-a-barbe_002_R-600x514.jpg\" alt=\"\" width=\"820\" height=\"703\" srcset=\"https:\/\/yavaitcachezmeme.fr\/wp-content\/uploads\/2023\/08\/Plat-a-barbe_002_R-600x514.jpg 600w, https:\/\/yavaitcachezmeme.fr\/wp-content\/uploads\/2023\/08\/Plat-a-barbe_002_R-1024x878.jpg 1024w, https:\/\/yavaitcachezmeme.fr\/wp-content\/uploads\/2023\/08\/Plat-a-barbe_002_R-1536x1317.jpg 1536w, https:\/\/yavaitcachezmeme.fr\/wp-content\/uploads\/2023\/08\/Plat-a-barbe_002_R-2048x1756.jpg 2048w\" sizes=\"auto, (max-width: 820px) 100vw, 820px\" \/><\/p>\n<p style=\"text-align: center;\"><span style=\"font-size: 120%;\">Plat \u00e0 barbe en bois<\/span><\/p>\n<p><img loading=\"lazy\" decoding=\"async\" class=\"aligncenter wp-image-10548\" src=\"https:\/\/yavaitcachezmeme.fr\/wp-content\/uploads\/2023\/08\/Plat-a-barbe_002_V-600x550.jpg\" alt=\"\" width=\"820\" height=\"751\" srcset=\"https:\/\/yavaitcachezmeme.fr\/wp-content\/uploads\/2023\/08\/Plat-a-barbe_002_V-600x550.jpg 600w, https:\/\/yavaitcachezmeme.fr\/wp-content\/uploads\/2023\/08\/Plat-a-barbe_002_V-1024x938.jpg 1024w, https:\/\/yavaitcachezmeme.fr\/wp-content\/uploads\/2023\/08\/Plat-a-barbe_002_V-1536x1408.jpg 1536w, https:\/\/yavaitcachezmeme.fr\/wp-content\/uploads\/2023\/08\/Plat-a-barbe_002_V-2048x1877.jpg 2048w\" sizes=\"auto, (max-width: 820px) 100vw, 820px\" \/><\/p>\n<p style=\"text-align: center;\"><span style=\"font-size: 120%;\">Dos du plat \u00e0 barbe en bois et sa \u00ab\u00a0restauration\u00a0\u00bb<\/span><\/p>\n<p style=\"text-align: center;\"><img loading=\"lazy\" decoding=\"async\" class=\"alignnone wp-image-12389\" src=\"https:\/\/yavaitcachezmeme.fr\/wp-content\/uploads\/2024\/11\/Hygiene-600x442.png\" alt=\"\" width=\"100\" height=\"74\" srcset=\"https:\/\/yavaitcachezmeme.fr\/wp-content\/uploads\/2024\/11\/Hygiene-600x442.png 600w, https:\/\/yavaitcachezmeme.fr\/wp-content\/uploads\/2024\/11\/Hygiene-1024x755.png 1024w, https:\/\/yavaitcachezmeme.fr\/wp-content\/uploads\/2024\/11\/Hygiene.png 1296w\" sizes=\"auto, (max-width: 100px) 100vw, 100px\" \/><\/p>\n<p style=\"text-align: justify;\"><span style=\"font-size: 120%;\">Les th\u00e8mes de la rubrique <span style=\"color: #ff6600;\"><strong>Bric \u00e0 Brac<\/strong><\/span> sont \u00e0 retrouver en cliquant sur les liens suivants :<\/span><\/p>\n<p style=\"text-align: justify;\"><span style=\"font-size: 120%;\"><strong><a href=\"http:\/\/yavaitcachezmeme.fr\/index.php\/bric-a-brac\/jeux-et-jouets\/\">Jeux et jouets<\/a>\u00a0 &#8211;\u00a0 <a href=\"http:\/\/yavaitcachezmeme.fr\/index.php\/bric-a-brac\/ecole\/\">L&rsquo;\u00e9cole<\/a>\u00a0 &#8211;\u00a0 <a href=\"http:\/\/yavaitcachezmeme.fr\/index.php\/bric-a-brac\/la-cuisine\/\">La cuisine<\/a>\u00a0 &#8211;\u00a0 <a href=\"http:\/\/yavaitcachezmeme.fr\/index.php\/bric-a-brac\/la-laiterie\/\">La Laiterie<\/a>\u00a0 &#8211;\u00a0 <a href=\"http:\/\/yavaitcachezmeme.fr\/index.php\/bric-a-brac\/la-vie-aux-champs\/\">La vie aux champs<\/a>\u00a0 &#8211;\u00a0 <a href=\"http:\/\/yavaitcachezmeme.fr\/index.php\/bric-a-brac\/cafe\/\">Le caf\u00e9<\/a>\u00a0 &#8211;\u00a0 <a href=\"http:\/\/yavaitcachezmeme.fr\/index.php\/bric-a-brac\/sante-hygiene\/\">Sant\u00e9 &amp; hygi\u00e8ne<\/a><\/strong><\/span><\/p>\n<p style=\"text-align: center;\"><a href=\"https:\/\/yavaitcachezmeme.fr\/\"><img loading=\"lazy\" decoding=\"async\" class=\"aligncenter wp-image-5243\" src=\"https:\/\/yavaitcachezmeme.fr\/wp-content\/uploads\/2024\/11\/Marque-b.png\" alt=\"\" width=\"25\" height=\"43\" \/><\/a><\/p>\n<\/div>\n<\/div>\n","protected":false},"excerpt":{"rendered":"<p>La sant\u00e9 et l&rsquo;hygi\u00e8ne avec la m\u00e9decine, la pharmacop\u00e9e, etc&#8230; Sant\u00e9 &amp; hygi\u00e8ne Dentifrice, poudre et boites de pharmacie Verre de curiste, coupelles&#8230;<\/p>\n","protected":false},"author":1,"featured_media":0,"parent":90,"menu_order":0,"comment_status":"closed","ping_status":"closed","template":"","meta":{"footnotes":""},"class_list":["post-1900","page","type-page","status-publish","hentry"],"_links":{"self":[{"href":"https:\/\/yavaitcachezmeme.fr\/index.php\/wp-json\/wp\/v2\/pages\/1900","targetHints":{"allow":["GET"]}}],"collection":[{"href":"https:\/\/yavaitcachezmeme.fr\/index.php\/wp-json\/wp\/v2\/pages"}],"about":[{"href":"https:\/\/yavaitcachezmeme.fr\/index.php\/wp-json\/wp\/v2\/types\/page"}],"author":[{"embeddable":true,"href":"https:\/\/yavaitcachezmeme.fr\/index.php\/wp-json\/wp\/v2\/users\/1"}],"replies":[{"embeddable":true,"href":"https:\/\/yavaitcachezmeme.fr\/index.php\/wp-json\/wp\/v2\/comments?post=1900"}],"version-history":[{"count":51,"href":"https:\/\/yavaitcachezmeme.fr\/index.php\/wp-json\/wp\/v2\/pages\/1900\/revisions"}],"predecessor-version":[{"id":12511,"href":"https:\/\/yavaitcachezmeme.fr\/index.php\/wp-json\/wp\/v2\/pages\/1900\/revisions\/12511"}],"up":[{"embeddable":true,"href":"https:\/\/yavaitcachezmeme.fr\/index.php\/wp-json\/wp\/v2\/pages\/90"}],"wp:attachment":[{"href":"https:\/\/yavaitcachezmeme.fr\/index.php\/wp-json\/wp\/v2\/media?parent=1900"}],"curies":[{"name":"wp","href":"https:\/\/api.w.org\/{rel}","templated":true}]}}