{"id":304,"date":"2016-01-27T22:57:23","date_gmt":"2016-01-27T21:57:23","guid":{"rendered":"http:\/\/yavaitcachezmeme.fr\/?page_id=304"},"modified":"2025-07-20T10:11:09","modified_gmt":"2025-07-20T09:11:09","slug":"valailles","status":"publish","type":"page","link":"https:\/\/yavaitcachezmeme.fr\/index.php\/autour-de-bernay\/valailles\/","title":{"rendered":"Valailles"},"content":{"rendered":"<div style=\"font-size: 120%; font-family: georgia; text-align: left;\">\n<p style=\"text-align: justify;\">Situ\u00e9e au Nord de Bernay, <span style=\"color: #ff6600;\"><strong>Valailles<\/strong><\/span> recense 396 habitants en 2013 contre 161 en 1913. Vous trouverez le ch\u00e2teau du Theil \u00e0 l&rsquo;Est du village.<\/p>\n<p style=\"text-align: center;\"><span style=\"color: #ff6600;\"><strong>~o~<\/strong><\/span><\/p>\n<p><img loading=\"lazy\" decoding=\"async\" class=\"aligncenter wp-image-850 size-full\" src=\"https:\/\/yavaitcachezmeme.fr\/wp-content\/uploads\/2016\/02\/VALAILLES_H_001.jpg\" alt=\"\" width=\"818\" height=\"527\" srcset=\"https:\/\/yavaitcachezmeme.fr\/wp-content\/uploads\/2016\/02\/VALAILLES_H_001.jpg 818w, https:\/\/yavaitcachezmeme.fr\/wp-content\/uploads\/2016\/02\/VALAILLES_H_001-600x387.jpg 600w\" sizes=\"auto, (max-width: 818px) 100vw, 818px\" \/><\/p>\n<p style=\"text-align: center;\">Le clocher et l&rsquo;\u00e9glise ont \u00e9t\u00e9 partiellement<br \/>\nd\u00e9truis lors de la temp\u00eate du 25 juin 2025<\/p>\n<p><a href=\"https:\/\/www.google.com\/maps\/@49.1220971,0.6000458,3a,90y,311.69h,93.76t\/data=!3m7!1e1!3m5!1s7Xpw-CTMCXivWGvWBmDi4g!2e0!6shttps:%2F%2Fstreetviewpixels-pa.googleapis.com%2Fv1%2Fthumbnail%3Fcb_client%3Dmaps_sv.tactile%26w%3D900%26h%3D600%26pitch%3D-3.758347223665581%26panoid%3D7Xpw-CTMCXivWGvWBmDi4g%26yaw%3D311.69357755340894!7i16384!8i8192?entry=ttu&amp;g_ep=EgoyMDI1MDcxNi4wIKXMDSoASAFQAw%3D%3D\" target=\"_blank\" rel=\"noopener\"><img loading=\"lazy\" decoding=\"async\" class=\"aligncenter wp-image-12987\" src=\"https:\/\/yavaitcachezmeme.fr\/wp-content\/uploads\/2025\/05\/Point.png\" alt=\"\" width=\"21\" height=\"30\" \/><\/a><\/p>\n<p><img loading=\"lazy\" decoding=\"async\" class=\"aligncenter wp-image-851\" src=\"https:\/\/yavaitcachezmeme.fr\/wp-content\/uploads\/2016\/02\/VALAILLES_H_002.jpg\" alt=\"\" width=\"820\" height=\"527\" srcset=\"https:\/\/yavaitcachezmeme.fr\/wp-content\/uploads\/2016\/02\/VALAILLES_H_002.jpg 807w, https:\/\/yavaitcachezmeme.fr\/wp-content\/uploads\/2016\/02\/VALAILLES_H_002-600x386.jpg 600w\" sizes=\"auto, (max-width: 820px) 100vw, 820px\" \/><\/p>\n<p style=\"text-align: center;\">Ch\u00e2teau du Theil<\/p>\n<p><img loading=\"lazy\" decoding=\"async\" class=\"aligncenter wp-image-6668\" src=\"https:\/\/yavaitcachezmeme.fr\/wp-content\/uploads\/2021\/12\/VALAILLES_H_003-600x381.jpg\" alt=\"\" width=\"816\" height=\"518\" srcset=\"https:\/\/yavaitcachezmeme.fr\/wp-content\/uploads\/2021\/12\/VALAILLES_H_003-600x381.jpg 600w, https:\/\/yavaitcachezmeme.fr\/wp-content\/uploads\/2021\/12\/VALAILLES_H_003-1024x650.jpg 1024w, https:\/\/yavaitcachezmeme.fr\/wp-content\/uploads\/2021\/12\/VALAILLES_H_003-1536x975.jpg 1536w, https:\/\/yavaitcachezmeme.fr\/wp-content\/uploads\/2021\/12\/VALAILLES_H_003.jpg 1632w\" sizes=\"auto, (max-width: 816px) 100vw, 816px\" \/><\/p>\n<p style=\"text-align: center;\">Le Ch\u00e2teau du Theil<\/p>\n<p><img loading=\"lazy\" decoding=\"async\" class=\"aligncenter wp-image-11753\" src=\"https:\/\/yavaitcachezmeme.fr\/wp-content\/uploads\/2024\/01\/VALAILLES_JMN_1-150-480x600.png\" alt=\"\" width=\"416\" height=\"520\" srcset=\"https:\/\/yavaitcachezmeme.fr\/wp-content\/uploads\/2024\/01\/VALAILLES_JMN_1-150-480x600.png 480w, https:\/\/yavaitcachezmeme.fr\/wp-content\/uploads\/2024\/01\/VALAILLES_JMN_1-150.png 669w\" sizes=\"auto, (max-width: 416px) 100vw, 416px\" \/><\/p>\n<p style=\"text-align: center;\">Insigne des anciens combattants de VALAILLES<\/p>\n<p style=\"text-align: center;\"><span style=\"color: #ff6600;\"><strong>~o~<\/strong><\/span><\/p>\n<p style=\"text-align: justify;\">Les communes des anciens cantons de Bernay-Est et Bernay-Ouest\u00a0\u00e0 visiter en cliquant sur les liens suivants :<\/p>\n<p style=\"text-align: justify;\"><strong><a href=\"https:\/\/yavaitcachezmeme.fr\/index.php\/autour-de-bernay\/caorches-st-nicolas\/\">Caorches St Nicolas<\/a> &#8211; <a href=\"https:\/\/yavaitcachezmeme.fr\/index.php\/autour-de-bernay\/carsix\/\">Carsix<\/a> &#8211; <a href=\"https:\/\/yavaitcachezmeme.fr\/index.php\/autour-de-bernay\/corneville-la-fouquetiere\/\">Corneville-la-Fouqueti\u00e8re<\/a> &#8211; <a href=\"https:\/\/yavaitcachezmeme.fr\/index.php\/autour-de-bernay\/courbepine\/\">Courb\u00e9pine<\/a>\u00a0 &#8211; \u00a0<a href=\"http:\/\/yavaitcachezmeme.fr\/index.php\/les-environs\/fontaine-labbe\/\">Fontaine-l&rsquo;Abb\u00e9<\/a>\u00a0 &#8211; <a href=\"https:\/\/yavaitcachezmeme.fr\/index.php\/autour-de-bernay\/malouy\/\">Malouy<\/a> &#8211; \u00a0<a href=\"http:\/\/yavaitcachezmeme.fr\/index.php\/les-environs\/menneval\/\">Menneval<\/a>\u00a0 &#8211; <a href=\"https:\/\/yavaitcachezmeme.fr\/index.php\/autour-de-bernay\/plainville\/\">Plainville<\/a> &#8211;\u00a0 <a href=\"http:\/\/yavaitcachezmeme.fr\/index.php\/les-environs\/plasnes\/\">Plasnes<\/a>\u00a0 &#8211; \u00a0<a href=\"http:\/\/yavaitcachezmeme.fr\/index.php\/les-environs\/st-aubin-le-vertueux\/\">St-Aubin-Le-Vertueux<\/a>\u00a0 &#8211; \u00a0<a href=\"http:\/\/yavaitcachezmeme.fr\/index.php\/les-environs\/st-clair-darcey\/\">St-Clair-d&rsquo;Arcey<\/a>\u00a0 &#8211; \u00a0<a href=\"http:\/\/yavaitcachezmeme.fr\/index.php\/les-environs\/st-leger-de-rostes\/\">St-L\u00e9ger-de-R\u00f4tes<\/a>\u00a0 &#8211; \u00a0<a href=\"http:\/\/yavaitcachezmeme.fr\/index.php\/les-environs\/st-martin-du-tilleul\/\">St-Martin-du-Tilleul<\/a>\u00a0 &#8211; <a href=\"http:\/\/yavaitcachezmeme.fr\/index.php\/les-environs\/st-victor-de-chretienville\/\">St-Victor-de-Chr\u00e9tienville<\/a>\u00a0 &#8211; <a href=\"https:\/\/yavaitcachezmeme.fr\/index.php\/autour-de-bernay\/serquigny\/\">Serquigny<\/a> &#8211;\u00a0 <a href=\"http:\/\/yavaitcachezmeme.fr\/index.php\/les-environs\/valailles\/\">Valailles<\/a><\/strong><\/p>\n<p><img loading=\"lazy\" decoding=\"async\" class=\"aligncenter wp-image-12675\" src=\"https:\/\/yavaitcachezmeme.fr\/wp-content\/uploads\/2025\/01\/Autour-de-Bernay-600x371.png\" alt=\"\" width=\"820\" height=\"506\" srcset=\"https:\/\/yavaitcachezmeme.fr\/wp-content\/uploads\/2025\/01\/Autour-de-Bernay-600x371.png 600w, https:\/\/yavaitcachezmeme.fr\/wp-content\/uploads\/2025\/01\/Autour-de-Bernay.png 1004w\" sizes=\"auto, (max-width: 820px) 100vw, 820px\" \/><\/p>\n<\/div>\n","protected":false},"excerpt":{"rendered":"<p>Situ\u00e9e au Nord de Bernay, Valailles recense 396 habitants en 2013 contre 161 en 1913. Vous trouverez le ch\u00e2teau du Theil \u00e0 l&rsquo;Est&#8230;<\/p>\n","protected":false},"author":1,"featured_media":0,"parent":5270,"menu_order":680,"comment_status":"closed","ping_status":"closed","template":"","meta":{"footnotes":""},"class_list":["post-304","page","type-page","status-publish","hentry"],"_links":{"self":[{"href":"https:\/\/yavaitcachezmeme.fr\/index.php\/wp-json\/wp\/v2\/pages\/304","targetHints":{"allow":["GET"]}}],"collection":[{"href":"https:\/\/yavaitcachezmeme.fr\/index.php\/wp-json\/wp\/v2\/pages"}],"about":[{"href":"https:\/\/yavaitcachezmeme.fr\/index.php\/wp-json\/wp\/v2\/types\/page"}],"author":[{"embeddable":true,"href":"https:\/\/yavaitcachezmeme.fr\/index.php\/wp-json\/wp\/v2\/users\/1"}],"replies":[{"embeddable":true,"href":"https:\/\/yavaitcachezmeme.fr\/index.php\/wp-json\/wp\/v2\/comments?post=304"}],"version-history":[{"count":41,"href":"https:\/\/yavaitcachezmeme.fr\/index.php\/wp-json\/wp\/v2\/pages\/304\/revisions"}],"predecessor-version":[{"id":13106,"href":"https:\/\/yavaitcachezmeme.fr\/index.php\/wp-json\/wp\/v2\/pages\/304\/revisions\/13106"}],"up":[{"embeddable":true,"href":"https:\/\/yavaitcachezmeme.fr\/index.php\/wp-json\/wp\/v2\/pages\/5270"}],"wp:attachment":[{"href":"https:\/\/yavaitcachezmeme.fr\/index.php\/wp-json\/wp\/v2\/media?parent=304"}],"curies":[{"name":"wp","href":"https:\/\/api.w.org\/{rel}","templated":true}]}}

<div style="font-size: 120%; font-family: georgia; text-align: left;">
<p style="text-align: justify;">Située au Nord de Bernay, <span style="color: #ff6600;"><strong>Valailles</strong></span> recense 396 habitants en 2013 contre 161 en 1913. Vous trouverez le château du Theil à l&rsquo;Est du village.</p>
<p style="text-align: center;"><span style="color: #ff6600;"><strong>~o~</strong></span></p>
<p><img loading="lazy" decoding="async" class="aligncenter wp-image-850 size-full" src="https://yavaitcachezmeme.fr/wp-content/uploads/2016/02/VALAILLES_H_001.jpg" alt="" width="818" height="527" srcset="https://yavaitcachezmeme.fr/wp-content/uploads/2016/02/VALAILLES_H_001.jpg 818w, https://yavaitcachezmeme.fr/wp-content/uploads/2016/02/VALAILLES_H_001-600x387.jpg 600w" sizes="auto, (max-width: 818px) 100vw, 818px" /></p>
<p style="text-align: center;">Le clocher et l&rsquo;église ont été partiellement<br />
détruis lors de la tempête du 25 juin 2025</p>
<p><a href="https://www.google.com/maps/@49.1220971,0.6000458,3a,90y,311.69h,93.76t/data=!3m7!1e1!3m5!1s7Xpw-CTMCXivWGvWBmDi4g!2e0!6shttps:%2F%2Fstreetviewpixels-pa.googleapis.com%2Fv1%2Fthumbnail%3Fcb_client%3Dmaps_sv.tactile%26w%3D900%26h%3D600%26pitch%3D-3.758347223665581%26panoid%3D7Xpw-CTMCXivWGvWBmDi4g%26yaw%3D311.69357755340894!7i16384!8i8192?entry=ttu&amp;g_ep=EgoyMDI1MDcxNi4wIKXMDSoASAFQAw%3D%3D" target="_blank" rel="noopener"><img loading="lazy" decoding="async" class="aligncenter wp-image-12987" src="https://yavaitcachezmeme.fr/wp-content/uploads/2025/05/Point.png" alt="" width="21" height="30" /></a></p>
<p><img loading="lazy" decoding="async" class="aligncenter wp-image-851" src="https://yavaitcachezmeme.fr/wp-content/uploads/2016/02/VALAILLES_H_002.jpg" alt="" width="820" height="527" srcset="https://yavaitcachezmeme.fr/wp-content/uploads/2016/02/VALAILLES_H_002.jpg 807w, https://yavaitcachezmeme.fr/wp-content/uploads/2016/02/VALAILLES_H_002-600x386.jpg 600w" sizes="auto, (max-width: 820px) 100vw, 820px" /></p>
<p style="text-align: center;">Château du Theil</p>
<p><img loading="lazy" decoding="async" class="aligncenter wp-image-6668" src="https://yavaitcachezmeme.fr/wp-content/uploads/2021/12/VALAILLES_H_003-600x381.jpg" alt="" width="816" height="518" srcset="https://yavaitcachezmeme.fr/wp-content/uploads/2021/12/VALAILLES_H_003-600x381.jpg 600w, https://yavaitcachezmeme.fr/wp-content/uploads/2021/12/VALAILLES_H_003-1024x650.jpg 1024w, https://yavaitcachezmeme.fr/wp-content/uploads/2021/12/VALAILLES_H_003-1536x975.jpg 1536w, https://yavaitcachezmeme.fr/wp-content/uploads/2021/12/VALAILLES_H_003.jpg 1632w" sizes="auto, (max-width: 816px) 100vw, 816px" /></p>
<p style="text-align: center;">Le Château du Theil</p>
<p><img loading="lazy" decoding="async" class="aligncenter wp-image-11753" src="https://yavaitcachezmeme.fr/wp-content/uploads/2024/01/VALAILLES_JMN_1-150-480x600.png" alt="" width="416" height="520" srcset="https://yavaitcachezmeme.fr/wp-content/uploads/2024/01/VALAILLES_JMN_1-150-480x600.png 480w, https://yavaitcachezmeme.fr/wp-content/uploads/2024/01/VALAILLES_JMN_1-150.png 669w" sizes="auto, (max-width: 416px) 100vw, 416px" /></p>
<p style="text-align: center;">Insigne des anciens combattants de VALAILLES</p>
<p style="text-align: center;"><span style="color: #ff6600;"><strong>~o~</strong></span></p>
<p style="text-align: justify;">Les communes des anciens cantons de Bernay-Est et Bernay-Ouest à visiter en cliquant sur les liens suivants :</p>
<p style="text-align: justify;"><strong><a href="https://yavaitcachezmeme.fr/index.php/autour-de-bernay/caorches-st-nicolas/">Caorches St Nicolas</a> &#8211; <a href="https://yavaitcachezmeme.fr/index.php/autour-de-bernay/carsix/">Carsix</a> &#8211; <a href="https://yavaitcachezmeme.fr/index.php/autour-de-bernay/corneville-la-fouquetiere/">Corneville-la-Fouquetière</a> &#8211; <a href="https://yavaitcachezmeme.fr/index.php/autour-de-bernay/courbepine/">Courbépine</a>  &#8211;  <a href="http://yavaitcachezmeme.fr/index.php/les-environs/fontaine-labbe/">Fontaine-l&rsquo;Abbé</a>  &#8211; <a href="https://yavaitcachezmeme.fr/index.php/autour-de-bernay/malouy/">Malouy</a> &#8211;  <a href="http://yavaitcachezmeme.fr/index.php/les-environs/menneval/">Menneval</a>  &#8211; <a href="https://yavaitcachezmeme.fr/index.php/autour-de-bernay/plainville/">Plainville</a> &#8211;  <a href="http://yavaitcachezmeme.fr/index.php/les-environs/plasnes/">Plasnes</a>  &#8211;  <a href="http://yavaitcachezmeme.fr/index.php/les-environs/st-aubin-le-vertueux/">St-Aubin-Le-Vertueux</a>  &#8211;  <a href="http://yavaitcachezmeme.fr/index.php/les-environs/st-clair-darcey/">St-Clair-d&rsquo;Arcey</a>  &#8211;  <a href="http://yavaitcachezmeme.fr/index.php/les-environs/st-leger-de-rostes/">St-Léger-de-Rôtes</a>  &#8211;  <a href="http://yavaitcachezmeme.fr/index.php/les-environs/st-martin-du-tilleul/">St-Martin-du-Tilleul</a>  &#8211; <a href="http://yavaitcachezmeme.fr/index.php/les-environs/st-victor-de-chretienville/">St-Victor-de-Chrétienville</a>  &#8211; <a href="https://yavaitcachezmeme.fr/index.php/autour-de-bernay/serquigny/">Serquigny</a> &#8211;  <a href="http://yavaitcachezmeme.fr/index.php/les-environs/valailles/">Valailles</a></strong></p>
<p><img loading="lazy" decoding="async" class="aligncenter wp-image-12675" src="https://yavaitcachezmeme.fr/wp-content/uploads/2025/01/Autour-de-Bernay-600x371.png" alt="" width="820" height="506" srcset="https://yavaitcachezmeme.fr/wp-content/uploads/2025/01/Autour-de-Bernay-600x371.png 600w, https://yavaitcachezmeme.fr/wp-content/uploads/2025/01/Autour-de-Bernay.png 1004w" sizes="auto, (max-width: 820px) 100vw, 820px" /></p>
</div>

<p>Située au Nord de Bernay, Valailles recense 396 habitants en 2013 contre 161 en 1913. Vous trouverez le château du Theil à l&rsquo;Est&#8230;</p>
