{"id":6333,"date":"2021-12-10T16:38:14","date_gmt":"2021-12-10T15:38:14","guid":{"rendered":"https:\/\/yavaitcachezmeme.fr\/?page_id=6333"},"modified":"2023-12-31T17:51:41","modified_gmt":"2023-12-31T16:51:41","slug":"st-benoit-des-ombres","status":"publish","type":"page","link":"https:\/\/yavaitcachezmeme.fr\/index.php\/autour-de-st-georges-du-vievre\/st-benoit-des-ombres\/","title":{"rendered":"St-Beno\u00eet-des-Ombres"},"content":{"rendered":"<div style=\"font-size: 120%; font-family: georgia;\">\n<p style=\"text-align: justify;\">Situ\u00e9e au Sud-Est de St-Georges-du-Vi\u00e8vre, <span style=\"color: #ff6600;\"><strong>Saint-Benoit-des-Ombres<\/strong><\/span> recense 142 habitants en 2018 contre 69 en 1911.<\/p>\n<p style=\"text-align: center;\"><span style=\"color: #ff6600;\"><strong>~o~<\/strong><\/span><\/p>\n<p><img loading=\"lazy\" decoding=\"async\" class=\"aligncenter wp-image-6607\" src=\"https:\/\/yavaitcachezmeme.fr\/wp-content\/uploads\/2021\/12\/ST-BENOIT-DES-OMBRES_H_004-600x381.jpg\" alt=\"\" width=\"820\" height=\"521\" srcset=\"https:\/\/yavaitcachezmeme.fr\/wp-content\/uploads\/2021\/12\/ST-BENOIT-DES-OMBRES_H_004-600x381.jpg 600w, https:\/\/yavaitcachezmeme.fr\/wp-content\/uploads\/2021\/12\/ST-BENOIT-DES-OMBRES_H_004-1024x650.jpg 1024w, https:\/\/yavaitcachezmeme.fr\/wp-content\/uploads\/2021\/12\/ST-BENOIT-DES-OMBRES_H_004-1536x976.jpg 1536w, https:\/\/yavaitcachezmeme.fr\/wp-content\/uploads\/2021\/12\/ST-BENOIT-DES-OMBRES_H_004.jpg 1612w\" sizes=\"auto, (max-width: 820px) 100vw, 820px\" \/><\/p>\n<p style=\"text-align: center;\">L&rsquo;\u00e9glise vue du cimeti\u00e8re<\/p>\n<p><img loading=\"lazy\" decoding=\"async\" class=\"aligncenter wp-image-6664\" src=\"https:\/\/yavaitcachezmeme.fr\/wp-content\/uploads\/2021\/12\/ST-BENOIT-DES-OMBRES_H_005-600x379.jpg\" alt=\"\" width=\"820\" height=\"517\" srcset=\"https:\/\/yavaitcachezmeme.fr\/wp-content\/uploads\/2021\/12\/ST-BENOIT-DES-OMBRES_H_005-600x379.jpg 600w, https:\/\/yavaitcachezmeme.fr\/wp-content\/uploads\/2021\/12\/ST-BENOIT-DES-OMBRES_H_005-1024x646.jpg 1024w, https:\/\/yavaitcachezmeme.fr\/wp-content\/uploads\/2021\/12\/ST-BENOIT-DES-OMBRES_H_005-1536x969.jpg 1536w, https:\/\/yavaitcachezmeme.fr\/wp-content\/uploads\/2021\/12\/ST-BENOIT-DES-OMBRES_H_005.jpg 1648w\" sizes=\"auto, (max-width: 820px) 100vw, 820px\" \/><\/p>\n<p style=\"text-align: center;\">L&rsquo;\u00e9glise<\/p>\n<p><img loading=\"lazy\" decoding=\"async\" class=\"aligncenter wp-image-7229\" src=\"https:\/\/yavaitcachezmeme.fr\/wp-content\/uploads\/2022\/05\/ST-BENOIT-DES-OMBRES_H_006-600x369.jpg\" alt=\"\" width=\"820\" height=\"504\" srcset=\"https:\/\/yavaitcachezmeme.fr\/wp-content\/uploads\/2022\/05\/ST-BENOIT-DES-OMBRES_H_006-600x369.jpg 600w, https:\/\/yavaitcachezmeme.fr\/wp-content\/uploads\/2022\/05\/ST-BENOIT-DES-OMBRES_H_006-1024x629.jpg 1024w, https:\/\/yavaitcachezmeme.fr\/wp-content\/uploads\/2022\/05\/ST-BENOIT-DES-OMBRES_H_006-1536x944.jpg 1536w, https:\/\/yavaitcachezmeme.fr\/wp-content\/uploads\/2022\/05\/ST-BENOIT-DES-OMBRES_H_006.jpg 1618w\" sizes=\"auto, (max-width: 820px) 100vw, 820px\" \/><\/p>\n<p style=\"text-align: center;\">Les ifs et le porche de l&rsquo;\u00e9glise<\/p>\n<p><img loading=\"lazy\" decoding=\"async\" class=\"aligncenter wp-image-6325\" src=\"https:\/\/yavaitcachezmeme.fr\/wp-content\/uploads\/2021\/12\/ST-BENOIT-DES-OMBRES_H_003.jpg\" alt=\"\" width=\"820\" height=\"503\" srcset=\"https:\/\/yavaitcachezmeme.fr\/wp-content\/uploads\/2021\/12\/ST-BENOIT-DES-OMBRES_H_003.jpg 1631w, https:\/\/yavaitcachezmeme.fr\/wp-content\/uploads\/2021\/12\/ST-BENOIT-DES-OMBRES_H_003-600x368.jpg 600w, https:\/\/yavaitcachezmeme.fr\/wp-content\/uploads\/2021\/12\/ST-BENOIT-DES-OMBRES_H_003-1024x628.jpg 1024w, https:\/\/yavaitcachezmeme.fr\/wp-content\/uploads\/2021\/12\/ST-BENOIT-DES-OMBRES_H_003-1536x942.jpg 1536w\" sizes=\"auto, (max-width: 820px) 100vw, 820px\" \/><\/p>\n<p style=\"text-align: center;\">La chapelle et la mairie<\/p>\n<p><img loading=\"lazy\" decoding=\"async\" class=\"aligncenter wp-image-6324\" src=\"https:\/\/yavaitcachezmeme.fr\/wp-content\/uploads\/2021\/12\/ST-BENOIT-DES-OMBRES_H_002.jpg\" alt=\"\" width=\"820\" height=\"522\" srcset=\"https:\/\/yavaitcachezmeme.fr\/wp-content\/uploads\/2021\/12\/ST-BENOIT-DES-OMBRES_H_002.jpg 1620w, https:\/\/yavaitcachezmeme.fr\/wp-content\/uploads\/2021\/12\/ST-BENOIT-DES-OMBRES_H_002-600x382.jpg 600w, https:\/\/yavaitcachezmeme.fr\/wp-content\/uploads\/2021\/12\/ST-BENOIT-DES-OMBRES_H_002-1024x652.jpg 1024w, https:\/\/yavaitcachezmeme.fr\/wp-content\/uploads\/2021\/12\/ST-BENOIT-DES-OMBRES_H_002-1536x978.jpg 1536w\" sizes=\"auto, (max-width: 820px) 100vw, 820px\" \/><\/p>\n<p style=\"text-align: center;\">Un beau poirier !<\/p>\n<p><img loading=\"lazy\" decoding=\"async\" class=\"aligncenter wp-image-6323\" src=\"https:\/\/yavaitcachezmeme.fr\/wp-content\/uploads\/2021\/12\/ST-BENOIT-DES-OMBRES_H_001.jpg\" alt=\"\" width=\"820\" height=\"522\" srcset=\"https:\/\/yavaitcachezmeme.fr\/wp-content\/uploads\/2021\/12\/ST-BENOIT-DES-OMBRES_H_001.jpg 1626w, https:\/\/yavaitcachezmeme.fr\/wp-content\/uploads\/2021\/12\/ST-BENOIT-DES-OMBRES_H_001-600x382.jpg 600w, https:\/\/yavaitcachezmeme.fr\/wp-content\/uploads\/2021\/12\/ST-BENOIT-DES-OMBRES_H_001-1024x652.jpg 1024w, https:\/\/yavaitcachezmeme.fr\/wp-content\/uploads\/2021\/12\/ST-BENOIT-DES-OMBRES_H_001-1536x979.jpg 1536w\" sizes=\"auto, (max-width: 820px) 100vw, 820px\" \/><\/p>\n<p style=\"text-align: center;\">Le photographe photographi\u00e9 !<\/p>\n<p><a href=\"https:\/\/www.google.com\/maps\/@49.2314054,0.6218974,3a,75y,132.96h,91.92t\/data=!3m6!1e1!3m4!1stQTdQ_WFrlxTrjpIG4Vs5Q!2e0!7i13312!8i6656\" target=\"_blank\" rel=\"noopener\"><img loading=\"lazy\" decoding=\"async\" class=\"aligncenter wp-image-8272\" src=\"https:\/\/yavaitcachezmeme.fr\/wp-content\/uploads\/2022\/09\/unnamed.png\" alt=\"\" width=\"25\" height=\"25\" srcset=\"https:\/\/yavaitcachezmeme.fr\/wp-content\/uploads\/2022\/09\/unnamed.png 512w, https:\/\/yavaitcachezmeme.fr\/wp-content\/uploads\/2022\/09\/unnamed-150x150.png 150w\" sizes=\"auto, (max-width: 25px) 100vw, 25px\" \/><\/a><\/p>\n<p><img loading=\"lazy\" decoding=\"async\" class=\"aligncenter wp-image-6326\" src=\"https:\/\/yavaitcachezmeme.fr\/wp-content\/uploads\/2021\/12\/ST-BENOIT-DES-OMBRES_V_001.jpg\" alt=\"\" width=\"475\" height=\"760\" srcset=\"https:\/\/yavaitcachezmeme.fr\/wp-content\/uploads\/2021\/12\/ST-BENOIT-DES-OMBRES_V_001.jpg 1020w, https:\/\/yavaitcachezmeme.fr\/wp-content\/uploads\/2021\/12\/ST-BENOIT-DES-OMBRES_V_001-375x600.jpg 375w, https:\/\/yavaitcachezmeme.fr\/wp-content\/uploads\/2021\/12\/ST-BENOIT-DES-OMBRES_V_001-640x1024.jpg 640w, https:\/\/yavaitcachezmeme.fr\/wp-content\/uploads\/2021\/12\/ST-BENOIT-DES-OMBRES_V_001-960x1536.jpg 960w\" sizes=\"auto, (max-width: 475px) 100vw, 475px\" \/><\/p>\n<p style=\"text-align: center;\">L&rsquo;\u00e9glise<\/p>\n<p><img loading=\"lazy\" decoding=\"async\" class=\"aligncenter wp-image-6327\" src=\"https:\/\/yavaitcachezmeme.fr\/wp-content\/uploads\/2021\/12\/ST-BENOIT-DES-OMBRES_VM_001.jpg\" alt=\"\" width=\"475\" height=\"675\" srcset=\"https:\/\/yavaitcachezmeme.fr\/wp-content\/uploads\/2021\/12\/ST-BENOIT-DES-OMBRES_VM_001.jpg 1224w, https:\/\/yavaitcachezmeme.fr\/wp-content\/uploads\/2021\/12\/ST-BENOIT-DES-OMBRES_VM_001-422x600.jpg 422w, https:\/\/yavaitcachezmeme.fr\/wp-content\/uploads\/2021\/12\/ST-BENOIT-DES-OMBRES_VM_001-720x1024.jpg 720w, https:\/\/yavaitcachezmeme.fr\/wp-content\/uploads\/2021\/12\/ST-BENOIT-DES-OMBRES_VM_001-1080x1536.jpg 1080w\" sizes=\"auto, (max-width: 475px) 100vw, 475px\" \/><\/p>\n<p style=\"text-align: center;\">L&rsquo;\u00e9glise<\/p>\n<p><img loading=\"lazy\" decoding=\"async\" class=\"wp-image-8741 aligncenter\" src=\"https:\/\/yavaitcachezmeme.fr\/wp-content\/uploads\/2022\/11\/ST-BENOIT-DES-OMBRES_H_007-600x379.jpg\" alt=\"\" width=\"820\" height=\"518\" srcset=\"https:\/\/yavaitcachezmeme.fr\/wp-content\/uploads\/2022\/11\/ST-BENOIT-DES-OMBRES_H_007-600x379.jpg 600w, https:\/\/yavaitcachezmeme.fr\/wp-content\/uploads\/2022\/11\/ST-BENOIT-DES-OMBRES_H_007-1024x647.jpg 1024w, https:\/\/yavaitcachezmeme.fr\/wp-content\/uploads\/2022\/11\/ST-BENOIT-DES-OMBRES_H_007-1536x971.jpg 1536w, https:\/\/yavaitcachezmeme.fr\/wp-content\/uploads\/2022\/11\/ST-BENOIT-DES-OMBRES_H_007.jpg 1614w\" sizes=\"auto, (max-width: 820px) 100vw, 820px\" \/><\/p>\n<p style=\"text-align: center;\">La mare<\/p>\n<p style=\"text-align: center;\"><span style=\"color: #ff6600;\"><strong>~o~<\/strong><\/span><\/p>\n<p style=\"text-align: justify;\">Quelques communes de l&rsquo;ancien canton de <span style=\"color: #ff6600;\"><strong>St-Georges-du-Vi\u00e8vre<\/strong><\/span> \u00e0 visiter en cliquant sur les liens suivants :<\/p>\n<p><strong><a href=\"https:\/\/yavaitcachezmeme.fr\/index.php\/autour-de-st-georges-du-vievre\/epreville-en-lieuvin\/\">Epreville-en-Lieuvin<\/a> &#8211;\u00a0<a href=\"https:\/\/yavaitcachezmeme.fr\/index.php\/autour-de-st-georges-du-vievre\/st-benoit-des-ombres\/\">St-Beno\u00eet-des-Ombres<\/a> &#8211; <a href=\"https:\/\/yavaitcachezmeme.fr\/index.php\/autour-de-st-georges-du-vievre\/st-etienne-lallier\/\">St-Etienne-l&rsquo;Allier<\/a> &#8211; <a href=\"https:\/\/yavaitcachezmeme.fr\/index.php\/autour-de-st-georges-du-vievre\/st-georges-du-mesnil\/\">St-Georges-du-Mesnil<\/a> &#8211; <a href=\"https:\/\/yavaitcachezmeme.fr\/index.php\/autour-de-st-georges-du-vievre\/st-georges-du-vievre\/\">St-Georges-du-Vi\u00e8vre<\/a> &#8211; <a href=\"https:\/\/yavaitcachezmeme.fr\/index.php\/autour-de-st-georges-du-vievre\/st-gregoire-du-vievre\/\">St-Gr\u00e9goire-du-Vi\u00e8vre<\/a><\/strong><\/p>\n<p><img loading=\"lazy\" decoding=\"async\" class=\"aligncenter wp-image-6269\" src=\"https:\/\/yavaitcachezmeme.fr\/wp-content\/uploads\/2021\/12\/Autour-de-St-Georges-600x400.jpg\" alt=\"\" width=\"800\" height=\"533\" srcset=\"https:\/\/yavaitcachezmeme.fr\/wp-content\/uploads\/2021\/12\/Autour-de-St-Georges-600x400.jpg 600w, https:\/\/yavaitcachezmeme.fr\/wp-content\/uploads\/2021\/12\/Autour-de-St-Georges-1024x683.jpg 1024w, https:\/\/yavaitcachezmeme.fr\/wp-content\/uploads\/2021\/12\/Autour-de-St-Georges-1536x1024.jpg 1536w, https:\/\/yavaitcachezmeme.fr\/wp-content\/uploads\/2021\/12\/Autour-de-St-Georges-2048x1365.jpg 2048w\" sizes=\"auto, (max-width: 800px) 100vw, 800px\" \/><\/p>\n<\/div>\n","protected":false},"excerpt":{"rendered":"<p>Situ\u00e9e au Sud-Est de St-Georges-du-Vi\u00e8vre, Saint-Benoit-des-Ombres recense 142 habitants en 2018 contre 69 en 1911. ~o~ L&rsquo;\u00e9glise vue du cimeti\u00e8re L&rsquo;\u00e9glise Les ifs&#8230;<\/p>\n","protected":false},"author":1,"featured_media":0,"parent":6299,"menu_order":520,"comment_status":"closed","ping_status":"closed","template":"","meta":{"footnotes":""},"class_list":["post-6333","page","type-page","status-publish","hentry"],"_links":{"self":[{"href":"https:\/\/yavaitcachezmeme.fr\/index.php\/wp-json\/wp\/v2\/pages\/6333","targetHints":{"allow":["GET"]}}],"collection":[{"href":"https:\/\/yavaitcachezmeme.fr\/index.php\/wp-json\/wp\/v2\/pages"}],"about":[{"href":"https:\/\/yavaitcachezmeme.fr\/index.php\/wp-json\/wp\/v2\/types\/page"}],"author":[{"embeddable":true,"href":"https:\/\/yavaitcachezmeme.fr\/index.php\/wp-json\/wp\/v2\/users\/1"}],"replies":[{"embeddable":true,"href":"https:\/\/yavaitcachezmeme.fr\/index.php\/wp-json\/wp\/v2\/comments?post=6333"}],"version-history":[{"count":24,"href":"https:\/\/yavaitcachezmeme.fr\/index.php\/wp-json\/wp\/v2\/pages\/6333\/revisions"}],"predecessor-version":[{"id":11650,"href":"https:\/\/yavaitcachezmeme.fr\/index.php\/wp-json\/wp\/v2\/pages\/6333\/revisions\/11650"}],"up":[{"embeddable":true,"href":"https:\/\/yavaitcachezmeme.fr\/index.php\/wp-json\/wp\/v2\/pages\/6299"}],"wp:attachment":[{"href":"https:\/\/yavaitcachezmeme.fr\/index.php\/wp-json\/wp\/v2\/media?parent=6333"}],"curies":[{"name":"wp","href":"https:\/\/api.w.org\/{rel}","templated":true}]}}