{"id":7601,"date":"2022-07-23T13:57:20","date_gmt":"2022-07-23T12:57:20","guid":{"rendered":"https:\/\/yavaitcachezmeme.fr\/?page_id=7601"},"modified":"2025-07-20T07:06:23","modified_gmt":"2025-07-20T06:06:23","slug":"corneville-la-fouquetiere","status":"publish","type":"page","link":"https:\/\/yavaitcachezmeme.fr\/index.php\/autour-de-bernay\/corneville-la-fouquetiere\/","title":{"rendered":"Corneville-la-Fouqueti\u00e8re"},"content":{"rendered":"<div style=\"font-size: 120%; font-family: georgia;\">\n<p style=\"text-align: justify;\">Situ\u00e9e au Sud-Est de Bernay, \u00a0<span style=\"color: #ff6600;\"><strong>Corneville-la-Fouqueti\u00e8re<\/strong><\/span> recense 122 habitants en 2019 contre 70 en 1911.<\/p>\n<p style=\"text-align: center;\"><span style=\"color: #ff6600;\"><strong>~o~<\/strong><\/span><\/p>\n<p><img loading=\"lazy\" decoding=\"async\" class=\"aligncenter wp-image-12582\" src=\"https:\/\/yavaitcachezmeme.fr\/wp-content\/uploads\/2024\/12\/CORNEVILLE-LA-FOUQUETIERE_P-H_001-600x411.jpg\" alt=\"\" width=\"820\" height=\"561\" srcset=\"https:\/\/yavaitcachezmeme.fr\/wp-content\/uploads\/2024\/12\/CORNEVILLE-LA-FOUQUETIERE_P-H_001-600x411.jpg 600w, https:\/\/yavaitcachezmeme.fr\/wp-content\/uploads\/2024\/12\/CORNEVILLE-LA-FOUQUETIERE_P-H_001-1024x701.jpg 1024w, https:\/\/yavaitcachezmeme.fr\/wp-content\/uploads\/2024\/12\/CORNEVILLE-LA-FOUQUETIERE_P-H_001.jpg 1417w\" sizes=\"auto, (max-width: 820px) 100vw, 820px\" \/><\/p>\n<p style=\"text-align: center;\">L&rsquo;\u00e9glise &#8211; Photo attribu\u00e9e \u00e0 Georges WALTER vers 1930<\/p>\n<p><a href=\"https:\/\/www.google.fr\/maps\/@49.0652696,0.7058177,3a,63.7y,1.89h,91.03t\/data=!3m7!1e1!3m5!1sb700oIGZqNgU4XtdkN5oGw!2e0!6shttps:%2F%2Fstreetviewpixels-pa.googleapis.com%2Fv1%2Fthumbnail%3Fcb_client%3Dmaps_sv.tactile%26w%3D900%26h%3D600%26pitch%3D-1.0254750808036874%26panoid%3Db700oIGZqNgU4XtdkN5oGw%26yaw%3D1.8866268679089655!7i16384!8i8192?entry=ttu&amp;g_ep=EgoyMDI1MDcxNi4wIKXMDSoASAFQAw%3D%3D\" target=\"_blank\" rel=\"noopener\"><img loading=\"lazy\" decoding=\"async\" class=\"aligncenter wp-image-12987\" src=\"https:\/\/yavaitcachezmeme.fr\/wp-content\/uploads\/2025\/05\/Point.png\" alt=\"\" width=\"21\" height=\"30\" \/><\/a><\/p>\n<p><img loading=\"lazy\" decoding=\"async\" class=\"aligncenter wp-image-1631\" src=\"https:\/\/yavaitcachezmeme.fr\/wp-content\/uploads\/2016\/03\/1931-10-01_bulletin-paroissial-383x600.jpg\" alt=\"\" width=\"475\" height=\"744\" srcset=\"https:\/\/yavaitcachezmeme.fr\/wp-content\/uploads\/2016\/03\/1931-10-01_bulletin-paroissial-383x600.jpg 383w, https:\/\/yavaitcachezmeme.fr\/wp-content\/uploads\/2016\/03\/1931-10-01_bulletin-paroissial-654x1024.jpg 654w, https:\/\/yavaitcachezmeme.fr\/wp-content\/uploads\/2016\/03\/1931-10-01_bulletin-paroissial.jpg 812w\" sizes=\"auto, (max-width: 475px) 100vw, 475px\" \/><\/p>\n<p style=\"text-align: center;\">Clochers &amp; cloches &#8211; Bulletin paroissial<\/p>\n<p style=\"text-align: center;\"><span style=\"color: #ff6600;\"><strong>~o~<\/strong><\/span><\/p>\n<p style=\"text-align: justify;\">Les communes des anciens cantons de Bernay-Est et Bernay-Ouest\u00a0\u00e0 visiter en cliquant sur les liens suivants :<\/p>\n<p style=\"text-align: justify;\"><strong><a href=\"https:\/\/yavaitcachezmeme.fr\/index.php\/autour-de-bernay\/caorches-st-nicolas\/\">Caorches St Nicolas<\/a> &#8211; <a href=\"https:\/\/yavaitcachezmeme.fr\/index.php\/autour-de-bernay\/carsix\/\">Carsix<\/a> &#8211; <a href=\"https:\/\/yavaitcachezmeme.fr\/index.php\/autour-de-bernay\/corneville-la-fouquetiere\/\">Corneville-la-Fouqueti\u00e8re<\/a> &#8211; <a href=\"https:\/\/yavaitcachezmeme.fr\/index.php\/autour-de-bernay\/courbepine\/\">Courb\u00e9pine<\/a>\u00a0 &#8211; \u00a0<a href=\"http:\/\/yavaitcachezmeme.fr\/index.php\/les-environs\/fontaine-labbe\/\">Fontaine-l&rsquo;Abb\u00e9<\/a>\u00a0 &#8211; <a href=\"https:\/\/yavaitcachezmeme.fr\/index.php\/autour-de-bernay\/malouy\/\">Malouy<\/a> &#8211; \u00a0<a href=\"http:\/\/yavaitcachezmeme.fr\/index.php\/les-environs\/menneval\/\">Menneval<\/a>\u00a0 &#8211; <a href=\"https:\/\/yavaitcachezmeme.fr\/index.php\/autour-de-bernay\/plainville\/\">Plainville<\/a> &#8211;\u00a0 <a href=\"http:\/\/yavaitcachezmeme.fr\/index.php\/les-environs\/plasnes\/\">Plasnes<\/a>\u00a0 &#8211; \u00a0<a href=\"http:\/\/yavaitcachezmeme.fr\/index.php\/les-environs\/st-aubin-le-vertueux\/\">St-Aubin-Le-Vertueux<\/a>\u00a0 &#8211; \u00a0<a href=\"http:\/\/yavaitcachezmeme.fr\/index.php\/les-environs\/st-clair-darcey\/\">St-Clair-d&rsquo;Arcey<\/a>\u00a0 &#8211; \u00a0<a href=\"http:\/\/yavaitcachezmeme.fr\/index.php\/les-environs\/st-leger-de-rostes\/\">St-L\u00e9ger-de-R\u00f4tes<\/a>\u00a0 &#8211; \u00a0<a href=\"http:\/\/yavaitcachezmeme.fr\/index.php\/les-environs\/st-martin-du-tilleul\/\">St-Martin-du-Tilleul<\/a>\u00a0 &#8211; <a href=\"http:\/\/yavaitcachezmeme.fr\/index.php\/les-environs\/st-victor-de-chretienville\/\">St-Victor-de-Chr\u00e9tienville<\/a>\u00a0 &#8211; <a href=\"https:\/\/yavaitcachezmeme.fr\/index.php\/autour-de-bernay\/serquigny\/\">Serquigny<\/a> &#8211;\u00a0 <a href=\"http:\/\/yavaitcachezmeme.fr\/index.php\/les-environs\/valailles\/\">Valailles<\/a><\/strong><\/p>\n<p><img loading=\"lazy\" decoding=\"async\" class=\"aligncenter wp-image-12675\" src=\"https:\/\/yavaitcachezmeme.fr\/wp-content\/uploads\/2025\/01\/Autour-de-Bernay-600x371.png\" alt=\"\" width=\"820\" height=\"506\" srcset=\"https:\/\/yavaitcachezmeme.fr\/wp-content\/uploads\/2025\/01\/Autour-de-Bernay-600x371.png 600w, https:\/\/yavaitcachezmeme.fr\/wp-content\/uploads\/2025\/01\/Autour-de-Bernay.png 1004w\" sizes=\"auto, (max-width: 820px) 100vw, 820px\" \/><\/p>\n<\/div>\n","protected":false},"excerpt":{"rendered":"<p>Situ\u00e9e au Sud-Est de Bernay, \u00a0Corneville-la-Fouqueti\u00e8re recense 122 habitants en 2019 contre 70 en 1911. ~o~ L&rsquo;\u00e9glise &#8211; Photo attribu\u00e9e \u00e0 Georges WALTER&#8230;<\/p>\n","protected":false},"author":1,"featured_media":0,"parent":5270,"menu_order":173,"comment_status":"closed","ping_status":"closed","template":"","meta":{"footnotes":""},"class_list":["post-7601","page","type-page","status-publish","hentry"],"_links":{"self":[{"href":"https:\/\/yavaitcachezmeme.fr\/index.php\/wp-json\/wp\/v2\/pages\/7601","targetHints":{"allow":["GET"]}}],"collection":[{"href":"https:\/\/yavaitcachezmeme.fr\/index.php\/wp-json\/wp\/v2\/pages"}],"about":[{"href":"https:\/\/yavaitcachezmeme.fr\/index.php\/wp-json\/wp\/v2\/types\/page"}],"author":[{"embeddable":true,"href":"https:\/\/yavaitcachezmeme.fr\/index.php\/wp-json\/wp\/v2\/users\/1"}],"replies":[{"embeddable":true,"href":"https:\/\/yavaitcachezmeme.fr\/index.php\/wp-json\/wp\/v2\/comments?post=7601"}],"version-history":[{"count":16,"href":"https:\/\/yavaitcachezmeme.fr\/index.php\/wp-json\/wp\/v2\/pages\/7601\/revisions"}],"predecessor-version":[{"id":13087,"href":"https:\/\/yavaitcachezmeme.fr\/index.php\/wp-json\/wp\/v2\/pages\/7601\/revisions\/13087"}],"up":[{"embeddable":true,"href":"https:\/\/yavaitcachezmeme.fr\/index.php\/wp-json\/wp\/v2\/pages\/5270"}],"wp:attachment":[{"href":"https:\/\/yavaitcachezmeme.fr\/index.php\/wp-json\/wp\/v2\/media?parent=7601"}],"curies":[{"name":"wp","href":"https:\/\/api.w.org\/{rel}","templated":true}]}}

Corneville-la-Fouquetière

<div style="font-size: 120%; font-family: georgia;">
<p style="text-align: justify;">Située au Sud-Est de Bernay,  <span style="color: #ff6600;"><strong>Corneville-la-Fouquetière</strong></span> recense 122 habitants en 2019 contre 70 en 1911.</p>
<p style="text-align: center;"><span style="color: #ff6600;"><strong>~o~</strong></span></p>
<p><img loading="lazy" decoding="async" class="aligncenter wp-image-12582" src="https://yavaitcachezmeme.fr/wp-content/uploads/2024/12/CORNEVILLE-LA-FOUQUETIERE_P-H_001-600x411.jpg" alt="" width="820" height="561" srcset="https://yavaitcachezmeme.fr/wp-content/uploads/2024/12/CORNEVILLE-LA-FOUQUETIERE_P-H_001-600x411.jpg 600w, https://yavaitcachezmeme.fr/wp-content/uploads/2024/12/CORNEVILLE-LA-FOUQUETIERE_P-H_001-1024x701.jpg 1024w, https://yavaitcachezmeme.fr/wp-content/uploads/2024/12/CORNEVILLE-LA-FOUQUETIERE_P-H_001.jpg 1417w" sizes="auto, (max-width: 820px) 100vw, 820px" /></p>
<p style="text-align: center;">L&rsquo;église &#8211; Photo attribuée à Georges WALTER vers 1930</p>
<p><a href="https://www.google.fr/maps/@49.0652696,0.7058177,3a,63.7y,1.89h,91.03t/data=!3m7!1e1!3m5!1sb700oIGZqNgU4XtdkN5oGw!2e0!6shttps:%2F%2Fstreetviewpixels-pa.googleapis.com%2Fv1%2Fthumbnail%3Fcb_client%3Dmaps_sv.tactile%26w%3D900%26h%3D600%26pitch%3D-1.0254750808036874%26panoid%3Db700oIGZqNgU4XtdkN5oGw%26yaw%3D1.8866268679089655!7i16384!8i8192?entry=ttu&amp;g_ep=EgoyMDI1MDcxNi4wIKXMDSoASAFQAw%3D%3D" target="_blank" rel="noopener"><img loading="lazy" decoding="async" class="aligncenter wp-image-12987" src="https://yavaitcachezmeme.fr/wp-content/uploads/2025/05/Point.png" alt="" width="21" height="30" /></a></p>
<p><img loading="lazy" decoding="async" class="aligncenter wp-image-1631" src="https://yavaitcachezmeme.fr/wp-content/uploads/2016/03/1931-10-01_bulletin-paroissial-383x600.jpg" alt="" width="475" height="744" srcset="https://yavaitcachezmeme.fr/wp-content/uploads/2016/03/1931-10-01_bulletin-paroissial-383x600.jpg 383w, https://yavaitcachezmeme.fr/wp-content/uploads/2016/03/1931-10-01_bulletin-paroissial-654x1024.jpg 654w, https://yavaitcachezmeme.fr/wp-content/uploads/2016/03/1931-10-01_bulletin-paroissial.jpg 812w" sizes="auto, (max-width: 475px) 100vw, 475px" /></p>
<p style="text-align: center;">Clochers &amp; cloches &#8211; Bulletin paroissial</p>
<p style="text-align: center;"><span style="color: #ff6600;"><strong>~o~</strong></span></p>
<p style="text-align: justify;">Les communes des anciens cantons de Bernay-Est et Bernay-Ouest à visiter en cliquant sur les liens suivants :</p>
<p style="text-align: justify;"><strong><a href="https://yavaitcachezmeme.fr/index.php/autour-de-bernay/caorches-st-nicolas/">Caorches St Nicolas</a> &#8211; <a href="https://yavaitcachezmeme.fr/index.php/autour-de-bernay/carsix/">Carsix</a> &#8211; <a href="https://yavaitcachezmeme.fr/index.php/autour-de-bernay/corneville-la-fouquetiere/">Corneville-la-Fouquetière</a> &#8211; <a href="https://yavaitcachezmeme.fr/index.php/autour-de-bernay/courbepine/">Courbépine</a>  &#8211;  <a href="http://yavaitcachezmeme.fr/index.php/les-environs/fontaine-labbe/">Fontaine-l&rsquo;Abbé</a>  &#8211; <a href="https://yavaitcachezmeme.fr/index.php/autour-de-bernay/malouy/">Malouy</a> &#8211;  <a href="http://yavaitcachezmeme.fr/index.php/les-environs/menneval/">Menneval</a>  &#8211; <a href="https://yavaitcachezmeme.fr/index.php/autour-de-bernay/plainville/">Plainville</a> &#8211;  <a href="http://yavaitcachezmeme.fr/index.php/les-environs/plasnes/">Plasnes</a>  &#8211;  <a href="http://yavaitcachezmeme.fr/index.php/les-environs/st-aubin-le-vertueux/">St-Aubin-Le-Vertueux</a>  &#8211;  <a href="http://yavaitcachezmeme.fr/index.php/les-environs/st-clair-darcey/">St-Clair-d&rsquo;Arcey</a>  &#8211;  <a href="http://yavaitcachezmeme.fr/index.php/les-environs/st-leger-de-rostes/">St-Léger-de-Rôtes</a>  &#8211;  <a href="http://yavaitcachezmeme.fr/index.php/les-environs/st-martin-du-tilleul/">St-Martin-du-Tilleul</a>  &#8211; <a href="http://yavaitcachezmeme.fr/index.php/les-environs/st-victor-de-chretienville/">St-Victor-de-Chrétienville</a>  &#8211; <a href="https://yavaitcachezmeme.fr/index.php/autour-de-bernay/serquigny/">Serquigny</a> &#8211;  <a href="http://yavaitcachezmeme.fr/index.php/les-environs/valailles/">Valailles</a></strong></p>
<p><img loading="lazy" decoding="async" class="aligncenter wp-image-12675" src="https://yavaitcachezmeme.fr/wp-content/uploads/2025/01/Autour-de-Bernay-600x371.png" alt="" width="820" height="506" srcset="https://yavaitcachezmeme.fr/wp-content/uploads/2025/01/Autour-de-Bernay-600x371.png 600w, https://yavaitcachezmeme.fr/wp-content/uploads/2025/01/Autour-de-Bernay.png 1004w" sizes="auto, (max-width: 820px) 100vw, 820px" /></p>
</div>

<p>Située au Sud-Est de Bernay,  Corneville-la-Fouquetière recense 122 habitants en 2019 contre 70 en 1911. ~o~ L&rsquo;église &#8211; Photo attribuée à Georges WALTER&#8230;</p>
